{"id":113,"date":"2008-12-28T23:44:47","date_gmt":"2008-12-28T22:44:47","guid":{"rendered":"http:\/\/www.calvermell.cat\/wordpress\/?page_id=113"},"modified":"2016-04-04T21:35:17","modified_gmt":"2016-04-04T20:35:17","slug":"antoni-vila-i-ballonga","status":"publish","type":"page","link":"https:\/\/www.calvermell.cat\/wordpress\/?page_id=113","title":{"rendered":"Antoni Vil\u00e0 i Ballonga"},"content":{"rendered":"<h4><span style=\"color: #000000;\"><strong>\u00abTon de Cal Vermell\u00bb Una v\u00edctima de la guerra civil.<\/strong><\/span><span style=\"color: #000000;\"><strong><br \/>\n<\/strong><\/span><\/h4>\n<p style=\"text-align: justify;\"><a href=\"http:\/\/www.calvermell.cat\/webtrees\/individual.php?pid=I11&amp;ged=Cal%20Vermell.ged\"><img loading=\"lazy\" decoding=\"async\" class=\"alignleft\" style=\"border: 1px solid black;\" title=\"Ton Vil\u00e0\" src=\"\/wordpress\/wp-content\/uploads\/TonVila.jpg\" alt=\"\" width=\"211\" height=\"296\" \/><\/a>El nostre avi <a href=\"http:\/\/www.calvermell.cat\/webtrees\/individual.php?pid=I11&amp;ged=Cal%20Vermell.ged\">Ton<\/a> va n\u00e9ixer el 7 de juny de 1906 a Sant Joan de Vilatorrada (Bages) i va morir al front durant la guerra civil, el 23 de maig de 1938, a la Sentiu de Si\u00f3 (Noguera).<\/p>\n<p style=\"text-align: justify;\">Avui coneixem for\u00e7a detalls dels fets i aproximadament el lloc on va caure, per\u00f2 no s&#8217;ha pogut localitzar la fossa on fou enterrat. Durant molts anys la fam\u00edlia, malgrat la certesa de la seva mort, solament tenia refer\u00e8ncies molt vagues de les circumst\u00e0ncies: Havia mort \u00abdurant una ofensiva a Balaguer\u00bb.<\/p>\n<p style=\"text-align: justify;\">La repressi\u00f3 del b\u00e0ndol guanyador i la por dels perdedors a parlar de qualsevol tema relacionat amb la contesa, varen obligar a arraconar la mem\u00f2ria d&#8217;aquells fets, privant a les fam\u00edlies de con\u00e8ixer el parador de milers de v\u00edctimes. Duran d\u00e8cades els homenatjats, els que rebien compensacions, els \u00fanics que tenien dret a un lloc a la \u00abhist\u00f2ria\u00bb, foren exclusivament els del b\u00e0ndol guanyador. Una hist\u00f2ria, d&#8217;altra banda, quasi sempre adulterada. Per als altres, els \u00abrojos\u00bb, por i silenci vergonyants. Mem\u00f2ria<\/p>\n<p style=\"text-align: justify;\"><a href=\"http:\/\/www.calvermell.cat\/webtrees\/family.php?famid=F5\"><img loading=\"lazy\" decoding=\"async\" class=\"alignright\" title=\"L\u2019estiu de  1937, a  l\u2019era de Cal Vermell amb la  seva esposa Isabel i les  bessones Maria i Angelina.\" src=\"\/wordpress\/wp-content\/uploads\/1937TonIsabelMariaAngelina.jpg\" alt=\"L\u2019estiu de  1937, a  l\u2019era de Cal Vermell amb la  seva esposa Isabel i les  bessones Maria i Angelina.\" width=\"190\" height=\"276\" \/><\/a><\/p>\n<p style=\"text-align: justify;\">arraconada per mor de sobreviure, per\u00f2 no pas oblit.<\/p>\n<p style=\"text-align: justify;\">I, no ens enganyem, el greuge encara persisteix.<\/p>\n<p style=\"text-align: justify;\">La del nostre avi \u00e9s una de tantes viv\u00e8ncies que varen haver d&#8217;afrontar milers de persones en aquelles circumst\u00e0ncies. Per\u00f2 a Cal Vermell la seva abs\u00e8ncia va pesar com una llosa molts anys. \u00c9s dons la \u00abnostra hist\u00f2ria\u00bb.<\/p>\n<h4 style=\"text-align: justify;\"><span style=\"color: #000000;\"><strong>Un home amb mala sort<\/strong><\/span><\/h4>\n<p style=\"text-align: justify;\">Era fill d&#8217;<a href=\"http:\/\/www.calvermell.cat\/webtrees\/family.php?famid=F7\">\u00c0ngela Ballonga i d&#8217;Isidre Vil\u00e0<\/a>. Havia estudiat al Seminari, per\u00f2 va decidir no continuar, donant-li un disgust a sa mare, va preferir tenir una fam\u00edlia i no seguir els estudis que l&#8217;haurien dut a ser capell\u00e0. <a href=\"http:\/\/www.calvermell.cat\/webtrees\/family.php?famid=F5\">Va casar-se amb la Isabel<\/a> i varen tenir dues bessones: La Maria (la nostra mare) i l&#8217;<a href=\"http:\/\/www.calvermell.cat\/webtrees\/individual.php?pid=I13&amp;ged=Cal%20Vermell.ged\">Angelina<\/a>.<\/p>\n<p style=\"text-align: justify;\">Com tants altres en Ton no deuria tenir una ideologia gaire definida, algun comentari puntual que se&#8217;n recorda faria pensar en un home m\u00e9s aviat d&#8217;esquerres o en tot cas gens de dretes. Per\u00f2 en cap cas amb el m\u00e9s m\u00ednim \u00e0nim de participar en la bestiesa que li va tocar. Ell era un home de casa seva i li importava primer que res la seva fam\u00edlia.<br \/>\nParticipava en la vida cultural a trav\u00e9s del grup teatral de La Verbena juntament amb el seu germ\u00e0 <a href=\"http:\/\/www.calvermell.cat\/webtrees\/individual.php?pid=I380&amp;ged=Cal%20Vermell.ged\">Joan<\/a>. A Cal Vermell encara es conserven diversos llibres i fulletons de teatre.<a href=\"http:\/\/www.calvermell.cat\/images\/Verbena.jpg\"><img loading=\"lazy\" decoding=\"async\" class=\"alignleft\" style=\"border: 1px solid black;\" title=\"Quadre esc\u00e8nic de La Verbena. Dret a lesquerra de la imatge en Ton i assegut a la dreta en primet terme en Joan.\" src=\"\/wordpress\/wp-content\/uploads\/Verbena.jpg\" alt=\"\" width=\"436\" height=\"309\" \/><\/a><\/p>\n<p style=\"text-align: justify;\">Al buscar dades del nostre avi, hem trobat sovint relats de persones que van viure aquells esdeveniments. Ens han arribat els seus testimonis de forma directa o diferida per\u00f2 massa vegades solen tenir els mateixos elements esgarrifosos: d&#8217;una banda la lluita extrema per la superviv\u00e8ncia i de l&#8217;altre el devaluat valor de la vida humana en aquelles circumst\u00e0ncies i que no sembla que parin de repetir-se en qualsevol lloc o moment de la hist\u00f2ria.<\/p>\n<h4 style=\"text-align: justify;\"><span style=\"color: #000000;\"><strong>La Sentiu de Si\u00f3, 23 de maig<\/strong><\/span><\/h4>\n<p style=\"text-align: justify;\">Aquest dia, aniversari de la seva mort,\u00a0 com cada any ens v\u00e0rem aplegar descendents i familiars d&#8217;en Ton Vil\u00e0\u00a0al lloc on probablement va caure fatalment ferit per homenatjar la seva mem\u00f2ria i repassar una hist\u00f2ria que durant molt de temps els ens havien obligat a ignorar.<br \/>\nEls que segueixen son els mots escrits per Isidre Vil\u00e0 per a aquest acte l&#8217;any 2004:<\/p>\n<h4 style=\"text-align: justify;\"><span style=\"color: #000000;\"><em><strong>En record del\u00a0 \u00abtiet\u00bb que no vaig con\u00e8ixer.<\/strong><\/em><\/span><\/h4>\n<p style=\"text-align: justify;\"><em>Ahir al vespre, comentant els detalls d&#8217;aquesta sortida, vaig adonar-me que no seria nom\u00e9s l&#8217;excursioneta d&#8217;un diumenge qualsevol, ser\u00e0 rememorar episodis tristos del nostre passat recent.<\/em><em><\/em><\/p>\n<p style=\"text-align: justify;\"><em> Per la meva edat (vaig n\u00e9ixer al comen\u00e7ar la guerra) no recordo res d&#8217;aquells tres anys d&#8217;enfrontament, tan sols tinc records dels posteriors, de cartilles de racionament i pen\u00faries diverses.Del &#8220;tiet&#8221; Ton nom\u00e9s s\u00e9 el que m&#8217;havien explicat i tinc present la cara afable en aquella fotografia del menjador amb la &#8220;tieta&#8221; Isabel i vosaltres: Maria i Angelina. Encara em costa pensar que l&#8217;Angelina no hi \u00e9s.<\/em><\/p>\n<p style=\"text-align: justify;\"><em>Penso com havia de ser de dur deixar-ho tot per anar obligats a una guerra que nom\u00e9s interessava als &#8220;capitostes&#8221; de cada b\u00e0ndol i no tenir la sort de poder tornar, com va passar en aquest cas.<\/em><\/p>\n<p style=\"text-align: justify;\"><em>Us felicito per l&#8217;inter\u00e8s a buscar dades que us han perm\u00e8s arribar fins aqu\u00ed i us donem les gr\u00e0cies per convidar-nos a compartir aquest \u00edntim homenatge a unes persones que altres inst\u00e0ncies, fins ara, els han negat.<\/em><\/p>\n<p style=\"text-align: right;\">Isidre Vil\u00e0, Sant Joan de Vilatorrada 23 de maig de 2004<\/p>\n<p style=\"text-align: center;\"><a href=\"http:\/\/www.calvermell.cat\/images\/DSC01623.jpg\"><img loading=\"lazy\" decoding=\"async\" class=\"aligncenter\" style=\"border: 1px solid black;\" title=\"La Sentiu de Si\u00f3, 23 de maig del 2004\" src=\"\/wordpress\/wp-content\/uploads\/DSC01623.jpg\" alt=\"La Sentiu de Si\u00f3, 23 de maig del 2004\" width=\"419\" height=\"315\" \/><\/a><\/p>\n","protected":false},"excerpt":{"rendered":"<p>\u00abTon de Cal Vermell\u00bb Una v\u00edctima de la guerra civil. El nostre avi Ton va n\u00e9ixer el 7 de juny de 1906 a Sant Joan de Vilatorrada (Bages) i va morir al front durant la guerra civil, el 23 de &hellip; <a href=\"https:\/\/www.calvermell.cat\/wordpress\/?page_id=113\">Continua llegint <span class=\"meta-nav\">&rarr;<\/span><\/a><\/p>\n","protected":false},"author":1,"featured_media":0,"parent":7,"menu_order":0,"comment_status":"closed","ping_status":"closed","template":"","meta":{"ngg_post_thumbnail":0,"footnotes":""},"class_list":["post-113","page","type-page","status-publish","hentry"],"_links":{"self":[{"href":"https:\/\/www.calvermell.cat\/wordpress\/index.php?rest_route=\/wp\/v2\/pages\/113","targetHints":{"allow":["GET"]}}],"collection":[{"href":"https:\/\/www.calvermell.cat\/wordpress\/index.php?rest_route=\/wp\/v2\/pages"}],"about":[{"href":"https:\/\/www.calvermell.cat\/wordpress\/index.php?rest_route=\/wp\/v2\/types\/page"}],"author":[{"embeddable":true,"href":"https:\/\/www.calvermell.cat\/wordpress\/index.php?rest_route=\/wp\/v2\/users\/1"}],"replies":[{"embeddable":true,"href":"https:\/\/www.calvermell.cat\/wordpress\/index.php?rest_route=%2Fwp%2Fv2%2Fcomments&post=113"}],"version-history":[{"count":78,"href":"https:\/\/www.calvermell.cat\/wordpress\/index.php?rest_route=\/wp\/v2\/pages\/113\/revisions"}],"predecessor-version":[{"id":797,"href":"https:\/\/www.calvermell.cat\/wordpress\/index.php?rest_route=\/wp\/v2\/pages\/113\/revisions\/797"}],"up":[{"embeddable":true,"href":"https:\/\/www.calvermell.cat\/wordpress\/index.php?rest_route=\/wp\/v2\/pages\/7"}],"wp:attachment":[{"href":"https:\/\/www.calvermell.cat\/wordpress\/index.php?rest_route=%2Fwp%2Fv2%2Fmedia&parent=113"}],"curies":[{"name":"wp","href":"https:\/\/api.w.org\/{rel}","templated":true}]}}

Antoni Vilà i Ballonga

<h4><span style="color: #000000;"><strong>«Ton de Cal Vermell» Una víctima de la guerra civil.</strong></span><span style="color: #000000;"><strong><br />
</strong></span></h4>
<p style="text-align: justify;"><a href="http://www.calvermell.cat/webtrees/individual.php?pid=I11&amp;ged=Cal%20Vermell.ged"><img loading="lazy" decoding="async" class="alignleft" style="border: 1px solid black;" title="Ton Vilà" src="/wordpress/wp-content/uploads/TonVila.jpg" alt="" width="211" height="296" /></a>El nostre avi <a href="http://www.calvermell.cat/webtrees/individual.php?pid=I11&amp;ged=Cal%20Vermell.ged">Ton</a> va néixer el 7 de juny de 1906 a Sant Joan de Vilatorrada (Bages) i va morir al front durant la guerra civil, el 23 de maig de 1938, a la Sentiu de Sió (Noguera).</p>
<p style="text-align: justify;">Avui coneixem força detalls dels fets i aproximadament el lloc on va caure, però no s&#8217;ha pogut localitzar la fossa on fou enterrat. Durant molts anys la família, malgrat la certesa de la seva mort, solament tenia referències molt vagues de les circumstàncies: Havia mort «durant una ofensiva a Balaguer».</p>
<p style="text-align: justify;">La repressió del bàndol guanyador i la por dels perdedors a parlar de qualsevol tema relacionat amb la contesa, varen obligar a arraconar la memòria d&#8217;aquells fets, privant a les famílies de conèixer el parador de milers de víctimes. Duran dècades els homenatjats, els que rebien compensacions, els únics que tenien dret a un lloc a la «història», foren exclusivament els del bàndol guanyador. Una història, d&#8217;altra banda, quasi sempre adulterada. Per als altres, els «rojos», por i silenci vergonyants. Memòria</p>
<p style="text-align: justify;"><a href="http://www.calvermell.cat/webtrees/family.php?famid=F5"><img loading="lazy" decoding="async" class="alignright" title="L’estiu de  1937, a  l’era de Cal Vermell amb la  seva esposa Isabel i les  bessones Maria i Angelina." src="/wordpress/wp-content/uploads/1937TonIsabelMariaAngelina.jpg" alt="L’estiu de  1937, a  l’era de Cal Vermell amb la  seva esposa Isabel i les  bessones Maria i Angelina." width="190" height="276" /></a></p>
<p style="text-align: justify;">arraconada per mor de sobreviure, però no pas oblit.</p>
<p style="text-align: justify;">I, no ens enganyem, el greuge encara persisteix.</p>
<p style="text-align: justify;">La del nostre avi és una de tantes vivències que varen haver d&#8217;afrontar milers de persones en aquelles circumstàncies. Però a Cal Vermell la seva absència va pesar com una llosa molts anys. És dons la «nostra història».</p>
<h4 style="text-align: justify;"><span style="color: #000000;"><strong>Un home amb mala sort</strong></span></h4>
<p style="text-align: justify;">Era fill d&#8217;<a href="http://www.calvermell.cat/webtrees/family.php?famid=F7">Àngela Ballonga i d&#8217;Isidre Vilà</a>. Havia estudiat al Seminari, però va decidir no continuar, donant-li un disgust a sa mare, va preferir tenir una família i no seguir els estudis que l&#8217;haurien dut a ser capellà. <a href="http://www.calvermell.cat/webtrees/family.php?famid=F5">Va casar-se amb la Isabel</a> i varen tenir dues bessones: La Maria (la nostra mare) i l&#8217;<a href="http://www.calvermell.cat/webtrees/individual.php?pid=I13&amp;ged=Cal%20Vermell.ged">Angelina</a>.</p>
<p style="text-align: justify;">Com tants altres en Ton no deuria tenir una ideologia gaire definida, algun comentari puntual que se&#8217;n recorda faria pensar en un home més aviat d&#8217;esquerres o en tot cas gens de dretes. Però en cap cas amb el més mínim ànim de participar en la bestiesa que li va tocar. Ell era un home de casa seva i li importava primer que res la seva família.<br />
Participava en la vida cultural a través del grup teatral de La Verbena juntament amb el seu germà <a href="http://www.calvermell.cat/webtrees/individual.php?pid=I380&amp;ged=Cal%20Vermell.ged">Joan</a>. A Cal Vermell encara es conserven diversos llibres i fulletons de teatre.<a href="http://www.calvermell.cat/images/Verbena.jpg"><img loading="lazy" decoding="async" class="alignleft" style="border: 1px solid black;" title="Quadre escènic de La Verbena. Dret a lesquerra de la imatge en Ton i assegut a la dreta en primet terme en Joan." src="/wordpress/wp-content/uploads/Verbena.jpg" alt="" width="436" height="309" /></a></p>
<p style="text-align: justify;">Al buscar dades del nostre avi, hem trobat sovint relats de persones que van viure aquells esdeveniments. Ens han arribat els seus testimonis de forma directa o diferida però massa vegades solen tenir els mateixos elements esgarrifosos: d&#8217;una banda la lluita extrema per la supervivència i de l&#8217;altre el devaluat valor de la vida humana en aquelles circumstàncies i que no sembla que parin de repetir-se en qualsevol lloc o moment de la història.</p>
<h4 style="text-align: justify;"><span style="color: #000000;"><strong>La Sentiu de Sió, 23 de maig</strong></span></h4>
<p style="text-align: justify;">Aquest dia, aniversari de la seva mort,  com cada any ens vàrem aplegar descendents i familiars d&#8217;en Ton Vilà al lloc on probablement va caure fatalment ferit per homenatjar la seva memòria i repassar una història que durant molt de temps els ens havien obligat a ignorar.<br />
Els que segueixen son els mots escrits per Isidre Vilà per a aquest acte l&#8217;any 2004:</p>
<h4 style="text-align: justify;"><span style="color: #000000;"><em><strong>En record del  «tiet» que no vaig conèixer.</strong></em></span></h4>
<p style="text-align: justify;"><em>Ahir al vespre, comentant els detalls d&#8217;aquesta sortida, vaig adonar-me que no seria només l&#8217;excursioneta d&#8217;un diumenge qualsevol, serà rememorar episodis tristos del nostre passat recent.</em><em></em></p>
<p style="text-align: justify;"><em> Per la meva edat (vaig néixer al començar la guerra) no recordo res d&#8217;aquells tres anys d&#8217;enfrontament, tan sols tinc records dels posteriors, de cartilles de racionament i penúries diverses.Del &#8220;tiet&#8221; Ton només sé el que m&#8217;havien explicat i tinc present la cara afable en aquella fotografia del menjador amb la &#8220;tieta&#8221; Isabel i vosaltres: Maria i Angelina. Encara em costa pensar que l&#8217;Angelina no hi és.</em></p>
<p style="text-align: justify;"><em>Penso com havia de ser de dur deixar-ho tot per anar obligats a una guerra que només interessava als &#8220;capitostes&#8221; de cada bàndol i no tenir la sort de poder tornar, com va passar en aquest cas.</em></p>
<p style="text-align: justify;"><em>Us felicito per l&#8217;interès a buscar dades que us han permès arribar fins aquí i us donem les gràcies per convidar-nos a compartir aquest íntim homenatge a unes persones que altres instàncies, fins ara, els han negat.</em></p>
<p style="text-align: right;">Isidre Vilà, Sant Joan de Vilatorrada 23 de maig de 2004</p>
<p style="text-align: center;"><a href="http://www.calvermell.cat/images/DSC01623.jpg"><img loading="lazy" decoding="async" class="aligncenter" style="border: 1px solid black;" title="La Sentiu de Sió, 23 de maig del 2004" src="/wordpress/wp-content/uploads/DSC01623.jpg" alt="La Sentiu de Sió, 23 de maig del 2004" width="419" height="315" /></a></p>

<p>«Ton de Cal Vermell» Una víctima de la guerra civil. El nostre avi Ton va néixer el 7 de juny de 1906 a Sant Joan de Vilatorrada (Bages) i va morir al front durant la guerra civil, el 23 de &hellip; <a href="https://www.calvermell.cat/wordpress/?page_id=113">Continua llegint <span class="meta-nav">&rarr;</span></a></p>
