{"id":2,"date":"2008-12-28T12:53:28","date_gmt":"2008-12-28T11:53:28","guid":{"rendered":"http:\/\/www.calvermell.cat\/wordpress\/?page_id=2"},"modified":"2019-09-05T15:57:16","modified_gmt":"2019-09-05T14:57:16","slug":"quant-a","status":"publish","type":"page","link":"https:\/\/www.calvermell.cat\/wordpress\/?page_id=2","title":{"rendered":"Quant a Callvermell.cat"},"content":{"rendered":"<p><strong>Cal Vermell<\/strong> \u00e9s una p\u00e0gina dedicada a la genealogia familiar.<\/p>\n<p>Tot el contingut, excepte el que se&#8217;n cita expressament la font, \u00e9s \u00a9 d&#8217;en Toni i Pep Planas i Vil\u00e0 amb els seg\u00fcents termes:<\/p>\n<p><a href=\"http:\/\/creativecommons.org\/licenses\/by-nc-sa\/3.0\/deed.ca\" rel=\"license\"><img loading=\"lazy\" decoding=\"async\" class=\"aligncenter\" style=\"border-width: 0px;\" src=\"http:\/\/i.creativecommons.org\/l\/by-nc-sa\/3.0\/88x31.png\" alt=\"Llic\u00e8ncia de Creative Commons\" width=\"88\" height=\"31\"><\/a>Contacte: Per a <strong>q\u00fcestions geneal\u00f2giques<\/strong> adreceu-vos a en <strong><a href=\"mailto:jplanes(cal-posar-hi-l'arroba!)calvermell.cat\">Pep Planes<\/a>. <\/strong>Si es tracta de <strong>q\u00fcestions t\u00e8cniques<\/strong> adreceu-vos a en <a href=\"mailto:toniplanas(ei! cal-posar-hi-l'arroba)calvermell.cat\"><strong>Toni Planas<\/strong><\/a>.<\/p>\n<table style=\"height: 174px;\" width=\"262\" cellspacing=\"0\" cellpadding=\"0\" border=\"0\">\n<tbody>\n<tr>\n<td><img loading=\"lazy\" decoding=\"async\" style=\"border: 0pt none;\" title=\"Toni Planas\" src=\"\/wordpress\/wp-content\/uploads\/Toni_maig08.jpg\" alt=\"Toni_maig08.jpg\" width=\"126\" height=\"168\" border=\"0\"><\/td>\n<td><img loading=\"lazy\" decoding=\"async\" style=\"border: 0pt none;\" title=\"Pep Planes\" src=\"\/wordpress\/wp-content\/uploads\/DSC00036.JPG\" alt=\"\" width=\"126\" height=\"168\" border=\"0\"><\/td>\n<\/tr>\n<\/tbody>\n<\/table>\n","protected":false},"excerpt":{"rendered":"<p>Cal Vermell \u00e9s una p\u00e0gina dedicada a la genealogia familiar. Tot el contingut, excepte el que se&#8217;n cita expressament la font, \u00e9s \u00a9 d&#8217;en Toni i Pep Planas i Vil\u00e0 amb els seg\u00fcents termes: Contacte: Per a q\u00fcestions geneal\u00f2giques adreceu-vos &hellip; <a href=\"https:\/\/www.calvermell.cat\/wordpress\/?page_id=2\">Continua llegint <span class=\"meta-nav\">&rarr;<\/span><\/a><\/p>\n","protected":false},"author":1,"featured_media":0,"parent":0,"menu_order":5,"comment_status":"closed","ping_status":"closed","template":"","meta":{"ngg_post_thumbnail":0,"footnotes":""},"class_list":["post-2","page","type-page","status-publish","hentry"],"_links":{"self":[{"href":"https:\/\/www.calvermell.cat\/wordpress\/index.php?rest_route=\/wp\/v2\/pages\/2","targetHints":{"allow":["GET"]}}],"collection":[{"href":"https:\/\/www.calvermell.cat\/wordpress\/index.php?rest_route=\/wp\/v2\/pages"}],"about":[{"href":"https:\/\/www.calvermell.cat\/wordpress\/index.php?rest_route=\/wp\/v2\/types\/page"}],"author":[{"embeddable":true,"href":"https:\/\/www.calvermell.cat\/wordpress\/index.php?rest_route=\/wp\/v2\/users\/1"}],"replies":[{"embeddable":true,"href":"https:\/\/www.calvermell.cat\/wordpress\/index.php?rest_route=%2Fwp%2Fv2%2Fcomments&post=2"}],"version-history":[{"count":37,"href":"https:\/\/www.calvermell.cat\/wordpress\/index.php?rest_route=\/wp\/v2\/pages\/2\/revisions"}],"predecessor-version":[{"id":969,"href":"https:\/\/www.calvermell.cat\/wordpress\/index.php?rest_route=\/wp\/v2\/pages\/2\/revisions\/969"}],"wp:attachment":[{"href":"https:\/\/www.calvermell.cat\/wordpress\/index.php?rest_route=%2Fwp%2Fv2%2Fmedia&parent=2"}],"curies":[{"name":"wp","href":"https:\/\/api.w.org\/{rel}","templated":true}]}}

<p><strong>Cal Vermell</strong> és una pàgina dedicada a la genealogia familiar.</p>
<p>Tot el contingut, excepte el que se&#8217;n cita expressament la font, és © d&#8217;en Toni i Pep Planas i Vilà amb els següents termes:</p>
<p><a href="http://creativecommons.org/licenses/by-nc-sa/3.0/deed.ca" rel="license"><img loading="lazy" decoding="async" class="aligncenter" style="border-width: 0px;" src="http://i.creativecommons.org/l/by-nc-sa/3.0/88x31.png" alt="Llicència de Creative Commons" width="88" height="31"></a>Contacte: Per a <strong>qüestions genealògiques</strong> adreceu-vos a en <strong><a href="mailto:jplanes(cal-posar-hi-l'arroba!)calvermell.cat">Pep Planes</a>. </strong>Si es tracta de <strong>qüestions tècniques</strong> adreceu-vos a en <a href="mailto:toniplanas(ei! cal-posar-hi-l'arroba)calvermell.cat"><strong>Toni Planas</strong></a>.</p>
<table style="height: 174px;" width="262" cellspacing="0" cellpadding="0" border="0">
<tbody>
<tr>
<td><img loading="lazy" decoding="async" style="border: 0pt none;" title="Toni Planas" src="/wordpress/wp-content/uploads/Toni_maig08.jpg" alt="Toni_maig08.jpg" width="126" height="168" border="0"></td>
<td><img loading="lazy" decoding="async" style="border: 0pt none;" title="Pep Planes" src="/wordpress/wp-content/uploads/DSC00036.JPG" alt="" width="126" height="168" border="0"></td>
</tr>
</tbody>
</table>

<p>Cal Vermell és una pàgina dedicada a la genealogia familiar. Tot el contingut, excepte el que se&#8217;n cita expressament la font, és © d&#8217;en Toni i Pep Planas i Vilà amb els següents termes: Contacte: Per a qüestions genealògiques adreceu-vos &hellip; <a href="https://www.calvermell.cat/wordpress/?page_id=2">Continua llegint <span class="meta-nav">&rarr;</span></a></p>
