{"id":245,"date":"2008-12-29T07:07:19","date_gmt":"2008-12-29T06:07:19","guid":{"rendered":"http:\/\/www.calvermell.cat\/wordpress\/?page_id=245"},"modified":"2019-04-07T20:36:44","modified_gmt":"2019-04-07T19:36:44","slug":"trobada-2007","status":"publish","type":"page","link":"https:\/\/www.calvermell.cat\/wordpress\/?page_id=245","title":{"rendered":"Trobada 2007"},"content":{"rendered":"<h4 style=\"text-align: center;\"><span style=\"font-family: Verdana;\"><span style=\"font-family: Verdana; color: #993300; font-size: small;\"><span style=\"color: #000000;\">Fals (Bages) 21 d&#8217;octubre<\/span><\/span><\/span><\/h4>\n<p style=\"text-align: center;\"><a href=\"https:\/\/www.calvermell.cat\/wordpress\/wp-content\/uploads\/grup2007.JPG\" target=\"_blank\" rel=\"noopener noreferrer\"><img loading=\"lazy\" decoding=\"async\" class=\"aligncenter\" style=\"border: 1px solid black;\" title=\"Trobada de cosins Vil\u00e0\/Ballonga 2007\" src=\"\/wordpress\/wp-content\/uploads\/grup2007.JPG\" alt=\"\" width=\"596\" height=\"393\"><\/a><\/p>\n<p style=\"text-align: center;\">Els <em>Vil\u00e0<\/em> de Sant Joan de Vilatorrada, descendents de<em> Cal Canonge de Fals<\/em> i fam\u00edlies respectives. Als peus del mas de on prov\u00e9 el cognom.<\/p>\n<h5>&nbsp;<\/h5>\n","protected":false},"excerpt":{"rendered":"<p>Fals (Bages) 21 d&#8217;octubre Els Vil\u00e0 de Sant Joan de Vilatorrada, descendents de Cal Canonge de Fals i fam\u00edlies respectives. Als peus del mas de on prov\u00e9 el cognom. &nbsp;<\/p>\n","protected":false},"author":1,"featured_media":0,"parent":67,"menu_order":2,"comment_status":"closed","ping_status":"closed","template":"","meta":{"ngg_post_thumbnail":0,"footnotes":""},"class_list":["post-245","page","type-page","status-publish","hentry"],"_links":{"self":[{"href":"https:\/\/www.calvermell.cat\/wordpress\/index.php?rest_route=\/wp\/v2\/pages\/245","targetHints":{"allow":["GET"]}}],"collection":[{"href":"https:\/\/www.calvermell.cat\/wordpress\/index.php?rest_route=\/wp\/v2\/pages"}],"about":[{"href":"https:\/\/www.calvermell.cat\/wordpress\/index.php?rest_route=\/wp\/v2\/types\/page"}],"author":[{"embeddable":true,"href":"https:\/\/www.calvermell.cat\/wordpress\/index.php?rest_route=\/wp\/v2\/users\/1"}],"replies":[{"embeddable":true,"href":"https:\/\/www.calvermell.cat\/wordpress\/index.php?rest_route=%2Fwp%2Fv2%2Fcomments&post=245"}],"version-history":[{"count":23,"href":"https:\/\/www.calvermell.cat\/wordpress\/index.php?rest_route=\/wp\/v2\/pages\/245\/revisions"}],"predecessor-version":[{"id":929,"href":"https:\/\/www.calvermell.cat\/wordpress\/index.php?rest_route=\/wp\/v2\/pages\/245\/revisions\/929"}],"up":[{"embeddable":true,"href":"https:\/\/www.calvermell.cat\/wordpress\/index.php?rest_route=\/wp\/v2\/pages\/67"}],"wp:attachment":[{"href":"https:\/\/www.calvermell.cat\/wordpress\/index.php?rest_route=%2Fwp%2Fv2%2Fmedia&parent=245"}],"curies":[{"name":"wp","href":"https:\/\/api.w.org\/{rel}","templated":true}]}}

<h4 style="text-align: center;"><span style="font-family: Verdana;"><span style="font-family: Verdana; color: #993300; font-size: small;"><span style="color: #000000;">Fals (Bages) 21 d&#8217;octubre</span></span></span></h4>
<p style="text-align: center;"><a href="https://www.calvermell.cat/wordpress/wp-content/uploads/grup2007.JPG" target="_blank" rel="noopener noreferrer"><img loading="lazy" decoding="async" class="aligncenter" style="border: 1px solid black;" title="Trobada de cosins Vilà/Ballonga 2007" src="/wordpress/wp-content/uploads/grup2007.JPG" alt="" width="596" height="393"></a></p>
<p style="text-align: center;">Els <em>Vilà</em> de Sant Joan de Vilatorrada, descendents de<em> Cal Canonge de Fals</em> i famílies respectives. Als peus del mas de on prové el cognom.</p>
<h5>&nbsp;</h5>

<p>Fals (Bages) 21 d&#8217;octubre Els Vilà de Sant Joan de Vilatorrada, descendents de Cal Canonge de Fals i famílies respectives. Als peus del mas de on prové el cognom. &nbsp;</p>
