{"id":46,"date":"2008-12-28T19:20:47","date_gmt":"2008-12-28T18:20:47","guid":{"rendered":"http:\/\/www.calvermell.cat\/wordpress\/?page_id=46"},"modified":"2019-12-26T18:43:19","modified_gmt":"2019-12-26T17:43:19","slug":"ca-lagusti-els-planas","status":"publish","type":"page","link":"https:\/\/www.calvermell.cat\/wordpress\/?page_id=46","title":{"rendered":"Ca l&#8217;Agust\u00ed"},"content":{"rendered":"<p><a href=\"http:\/\/www.calvermell.cat\/webtrees\/index.php?ctype=gedcom&amp;ged=Cal%20Agusti.ged\"><img loading=\"lazy\" decoding=\"async\" class=\"alignleft\" style=\"border: 1px solid black;\" title=\"Ca lAgust\u00ed a les Planes de Sant Mateu\" src=\"http:\/\/www.calvermell.cat\/\/wordpress\/wp-content\/uploads\/CalAgustilesPlanes.jpg\" alt=\"\" width=\"237\" height=\"316\"><\/a><span style=\"color: #000000;\"><strong>Els Planas<\/strong><\/span><\/p>\n<p>El nom de <strong>Ca l&#8217;Agust\u00ed <\/strong>de <a title=\"Mapa de situaci\u00f3 a l'ICC\" href=\"http:\/\/www.icc.cat\/vissir3\/index.html?yYefjoy60\" target=\"_blank\" rel=\"noopener noreferrer\">Sant Mateu de Bages <\/a> prov\u00e9 d&#8217;<a href=\"https:\/\/www.calvermell.cat\/webtrees\/individual.php?pid=I25&amp;ged=Cal%20Agusti.ged\" target=\"_blank\" rel=\"noopener noreferrer\"><strong>Agust\u00ed Planas i Bard\u00e8s<\/strong><\/a> (1888-1976).<\/p>\n<p>Un seu avi, <a href=\"https:\/\/www.calvermell.cat\/webtrees\/individual.php?pid=I28&amp;ged=Cal%20Agusti.ged\" target=\"_blank\" rel=\"noopener noreferrer\"><strong>Miquel Planas i Soldevila<\/strong><\/a> \u00abEl Trempat\u00bb (1813-1881) era fadr\u00ed del mas de les Planes de Sant Mateu, on hi ha l&#8217;origen de la nissaga i el cognom. Despr\u00e8s de casat va establir-se a Cal Trempat i posteriorment, com a masover, a Cal Guardiola on van n\u00e9ixer el seu fill Felip i el seu n\u00e9t Agust\u00ed.<\/p>\n<p>L&#8217;Agust\u00ed va fer de mosso a les Planes i despr\u00e8s de masover. En aquest mas, la casa dels masovers, annexa a la principal, fou coneguda durant for\u00e7a temps com Ca l&#8217;Agust\u00ed. Aqu\u00ed hi va viure amb la seva esposa <a href=\"https:\/\/www.calvermell.cat\/webtrees\/individual.php?pid=I24&amp;ged=Cal%20Agusti.ged\" target=\"_blank\" rel=\"noopener noreferrer\"><strong>Ramona Serra<\/strong><\/a>. I hi van n\u00e9ixer els seus fills i alguns n\u00e9ts.<\/p>\n<p>A mitjans dels anys cinquanta, juntament amb el seu hereu <a href=\"https:\/\/www.calvermell.cat\/webtrees\/individual.php?pid=I405&amp;ged=Cal%20Agusti.ged\" target=\"_blank\" rel=\"noopener noreferrer\"><strong>Francisco<\/strong><\/a>, casat amb <a href=\"https:\/\/www.calvermell.cat\/webtrees\/individual.php?pid=I408&amp;ged=Cal%20Agusti.ged\" target=\"_blank\" rel=\"noopener noreferrer\"><strong>Carmeta Junyent<\/strong><\/a>, deixarien la masoveria per establir-se&nbsp; a Cal Jepet de la Casa Nova. Aquest va \u00e9sser el nou \u00abCa l\u2019Agust\u00ed\u00bb fins als anys 90 quan la fam\u00edlia va bastir una casa de nova planta al Coll del Cargol.<\/p>\n<p>Hi ha const\u00e0ncia documental de la nissaga Planas a Sant Mateu d&#8217;en\u00e7\u00e0 del <strong>1501<\/strong>. El primer hauria sigut <a href=\"https:\/\/www.calvermell.cat\/webtrees\/individual.php?pid=I1759&amp;ged=Cal%20Agusti.ged\" target=\"_blank\" rel=\"noopener noreferrer\"><strong>Sebasti\u00e0 Planas<\/strong><\/a>, amo del Castell de Sant Mateu i de les cases del seu terme (Corts, Card\u00f3, Conill i Vila). Probablement provenia de <a title=\"Mapa de situaci\u00f3 a l'ICC\" href=\"http:\/\/www.icc.cat\/vissir3\/index.html?enBColNhk\" target=\"_blank\" rel=\"noopener noreferrer\">Santa Eug\u00e8nia de Relat<\/a> (Bages).<\/p>\n<p>L&#8217;any 1953, un fill fadr\u00ed de l&#8217;Agusti, en <a href=\"https:\/\/www.calvermell.cat\/webtrees\/individual.php?pid=I1659&amp;ged=Cal%20Agusti.ged\" target=\"_blank\" rel=\"noopener noreferrer\"><strong>Ton Planas<\/strong><\/a>, va casar-se amb la pubilla de <strong>Cal Vermell<\/strong>.<\/p>\n<p style=\"text-align: center;\"><a href=\"http:\/\/www.calvermell.cat\/webtrees\/index.php?ctype=gedcom&amp;ged=Cal%20Agusti.ged\"><img loading=\"lazy\" decoding=\"async\" class=\"aligncenter\" style=\"border: 0pt none;\" title=\"Arbre geneal\u00f2gic de Ca lAgust\u00ed\" src=\"\/wordpress\/wp-content\/uploads\/gedcom.gif\" alt=\"\" width=\"50\" height=\"50\"><\/a><\/p>\n","protected":false},"excerpt":{"rendered":"<p>Els Planas El nom de Ca l&#8217;Agust\u00ed de Sant Mateu de Bages prov\u00e9 d&#8217;Agust\u00ed Planas i Bard\u00e8s (1888-1976). Un seu avi, Miquel Planas i Soldevila \u00abEl Trempat\u00bb (1813-1881) era fadr\u00ed del mas de les Planes de Sant Mateu, on hi &hellip; <a href=\"https:\/\/www.calvermell.cat\/wordpress\/?page_id=46\">Continua llegint <span class=\"meta-nav\">&rarr;<\/span><\/a><\/p>\n","protected":false},"author":1,"featured_media":0,"parent":0,"menu_order":2,"comment_status":"closed","ping_status":"closed","template":"","meta":{"ngg_post_thumbnail":0,"footnotes":""},"class_list":["post-46","page","type-page","status-publish","hentry"],"_links":{"self":[{"href":"https:\/\/www.calvermell.cat\/wordpress\/index.php?rest_route=\/wp\/v2\/pages\/46","targetHints":{"allow":["GET"]}}],"collection":[{"href":"https:\/\/www.calvermell.cat\/wordpress\/index.php?rest_route=\/wp\/v2\/pages"}],"about":[{"href":"https:\/\/www.calvermell.cat\/wordpress\/index.php?rest_route=\/wp\/v2\/types\/page"}],"author":[{"embeddable":true,"href":"https:\/\/www.calvermell.cat\/wordpress\/index.php?rest_route=\/wp\/v2\/users\/1"}],"replies":[{"embeddable":true,"href":"https:\/\/www.calvermell.cat\/wordpress\/index.php?rest_route=%2Fwp%2Fv2%2Fcomments&post=46"}],"version-history":[{"count":52,"href":"https:\/\/www.calvermell.cat\/wordpress\/index.php?rest_route=\/wp\/v2\/pages\/46\/revisions"}],"predecessor-version":[{"id":1015,"href":"https:\/\/www.calvermell.cat\/wordpress\/index.php?rest_route=\/wp\/v2\/pages\/46\/revisions\/1015"}],"wp:attachment":[{"href":"https:\/\/www.calvermell.cat\/wordpress\/index.php?rest_route=%2Fwp%2Fv2%2Fmedia&parent=46"}],"curies":[{"name":"wp","href":"https:\/\/api.w.org\/{rel}","templated":true}]}}

Ca l&#8217;Agustí

<p><a href="http://www.calvermell.cat/webtrees/index.php?ctype=gedcom&amp;ged=Cal%20Agusti.ged"><img loading="lazy" decoding="async" class="alignleft" style="border: 1px solid black;" title="Ca lAgustí a les Planes de Sant Mateu" src="http://www.calvermell.cat//wordpress/wp-content/uploads/CalAgustilesPlanes.jpg" alt="" width="237" height="316"></a><span style="color: #000000;"><strong>Els Planas</strong></span></p>
<p>El nom de <strong>Ca l&#8217;Agustí </strong>de <a title="Mapa de situació a l'ICC" href="http://www.icc.cat/vissir3/index.html?yYefjoy60" target="_blank" rel="noopener noreferrer">Sant Mateu de Bages </a> prové d&#8217;<a href="https://www.calvermell.cat/webtrees/individual.php?pid=I25&amp;ged=Cal%20Agusti.ged" target="_blank" rel="noopener noreferrer"><strong>Agustí Planas i Bardès</strong></a> (1888-1976).</p>
<p>Un seu avi, <a href="https://www.calvermell.cat/webtrees/individual.php?pid=I28&amp;ged=Cal%20Agusti.ged" target="_blank" rel="noopener noreferrer"><strong>Miquel Planas i Soldevila</strong></a> «El Trempat» (1813-1881) era fadrí del mas de les Planes de Sant Mateu, on hi ha l&#8217;origen de la nissaga i el cognom. Desprès de casat va establir-se a Cal Trempat i posteriorment, com a masover, a Cal Guardiola on van néixer el seu fill Felip i el seu nét Agustí.</p>
<p>L&#8217;Agustí va fer de mosso a les Planes i desprès de masover. En aquest mas, la casa dels masovers, annexa a la principal, fou coneguda durant força temps com Ca l&#8217;Agustí. Aquí hi va viure amb la seva esposa <a href="https://www.calvermell.cat/webtrees/individual.php?pid=I24&amp;ged=Cal%20Agusti.ged" target="_blank" rel="noopener noreferrer"><strong>Ramona Serra</strong></a>. I hi van néixer els seus fills i alguns néts.</p>
<p>A mitjans dels anys cinquanta, juntament amb el seu hereu <a href="https://www.calvermell.cat/webtrees/individual.php?pid=I405&amp;ged=Cal%20Agusti.ged" target="_blank" rel="noopener noreferrer"><strong>Francisco</strong></a>, casat amb <a href="https://www.calvermell.cat/webtrees/individual.php?pid=I408&amp;ged=Cal%20Agusti.ged" target="_blank" rel="noopener noreferrer"><strong>Carmeta Junyent</strong></a>, deixarien la masoveria per establir-se&nbsp; a Cal Jepet de la Casa Nova. Aquest va ésser el nou «Ca l’Agustí» fins als anys 90 quan la família va bastir una casa de nova planta al Coll del Cargol.</p>
<p>Hi ha constància documental de la nissaga Planas a Sant Mateu d&#8217;ençà del <strong>1501</strong>. El primer hauria sigut <a href="https://www.calvermell.cat/webtrees/individual.php?pid=I1759&amp;ged=Cal%20Agusti.ged" target="_blank" rel="noopener noreferrer"><strong>Sebastià Planas</strong></a>, amo del Castell de Sant Mateu i de les cases del seu terme (Corts, Cardó, Conill i Vila). Probablement provenia de <a title="Mapa de situació a l'ICC" href="http://www.icc.cat/vissir3/index.html?enBColNhk" target="_blank" rel="noopener noreferrer">Santa Eugènia de Relat</a> (Bages).</p>
<p>L&#8217;any 1953, un fill fadrí de l&#8217;Agusti, en <a href="https://www.calvermell.cat/webtrees/individual.php?pid=I1659&amp;ged=Cal%20Agusti.ged" target="_blank" rel="noopener noreferrer"><strong>Ton Planas</strong></a>, va casar-se amb la pubilla de <strong>Cal Vermell</strong>.</p>
<p style="text-align: center;"><a href="http://www.calvermell.cat/webtrees/index.php?ctype=gedcom&amp;ged=Cal%20Agusti.ged"><img loading="lazy" decoding="async" class="aligncenter" style="border: 0pt none;" title="Arbre genealògic de Ca lAgustí" src="/wordpress/wp-content/uploads/gedcom.gif" alt="" width="50" height="50"></a></p>

<p>Els Planas El nom de Ca l&#8217;Agustí de Sant Mateu de Bages prové d&#8217;Agustí Planas i Bardès (1888-1976). Un seu avi, Miquel Planas i Soldevila «El Trempat» (1813-1881) era fadrí del mas de les Planes de Sant Mateu, on hi &hellip; <a href="https://www.calvermell.cat/wordpress/?page_id=46">Continua llegint <span class="meta-nav">&rarr;</span></a></p>
