{"id":60,"date":"2008-12-28T20:09:20","date_gmt":"2008-12-28T19:09:20","guid":{"rendered":"http:\/\/www.calvermell.cat\/wordpress\/?page_id=60"},"modified":"2019-12-26T19:10:45","modified_gmt":"2019-12-26T18:10:45","slug":"cal-pere-llarg","status":"publish","type":"page","link":"https:\/\/www.calvermell.cat\/wordpress\/?page_id=60","title":{"rendered":"Cal Pere Llarg"},"content":{"rendered":"<p><a href=\"http:\/\/www.calvermell.cat\/webtrees\/index.php?ctype=gedcom&amp;ged=Cal%20Pere%20Llarg.ged\"><img loading=\"lazy\" decoding=\"async\" class=\"alignleft\" style=\"border: 1px solid black;\" title=\"Cal Pere Llarg\" src=\"http:\/\/www.calvermell.cat\/\/wordpress\/wp-content\/uploads\/Cal%20Pere%20Llarg.jpg\" alt=\"Cal Pere Llarg\" width=\"277\" height=\"208\"><\/a><span style=\"color: #888888;\"><strong><span style=\"color: #000000;\">Els Santamaria<\/span><br \/>\n<\/strong><\/span><\/p>\n<p><strong>Cal Pere Llarg<\/strong>, \u00e9s el nom pel que fou coneguda la fam\u00edlia Santamaria. Habitaren durant for\u00e7a anys a la <a title=\"Mapa de situaci\u00f3 a l'ICC\" href=\"http:\/\/www.icc.cat\/vissir3\/index.html?aDboXGNLz\" target=\"_blank\" rel=\"noopener noreferrer\">Torre Bohigues del Mas d&#8217;en Pla<\/a>, al regadiu de Manresa (Bages), a tocar del Cam\u00ed de Juncadella. Prov\u00e9 de la considerable al\u00e7\u00e0ria d&#8217;en <a href=\"https:\/\/www.calvermell.cat\/webtrees\/individual.php?pid=I1427&amp;ged=Cal%20Pere%20Llarg.ged\" target=\"_blank\" rel=\"noopener noreferrer\"><strong>Pere Santamaria i Cases<\/strong><\/a> (1833-1914).<\/p>\n<p>En Pere era nat a <a title=\"Mapa de situaci\u00f3 a l'ICC\" href=\"http:\/\/www.icc.cat\/vissir3\/index.html?qUaYF1fjs\" target=\"_blank\" rel=\"noopener noreferrer\">Madrona<\/a>, terme de Pinell de Solson\u00e8s i, abans d&#8217;establir-se al Bages, havia residit a <a title=\"Mapa de situaci\u00f3 a l'ICC\" href=\"http:\/\/www.icc.cat\/vissir3\/index.html?mR9trhxuf\" target=\"_blank\" rel=\"noopener noreferrer\">Pi\u00e0<\/a>, terme de Nav\u00e8s (Solson\u00e8s).<\/p>\n<p>Els Santamaria els tenim documentats a <a title=\"Mapa de situaci\u00f3 a l'ICC\" href=\"http:\/\/www.icc.cat\/vissir3\/index.html?C22aXHnsO\" target=\"_blank\" rel=\"noopener noreferrer\">la Clua<\/a>, terme de Bassella a l&#8217;Alt Urgell, d&#8217;en\u00e7\u00e0 el <strong>1766<\/strong>. La fam\u00edlia de l&#8217;\u00e0via paterna d&#8217;en Pere, els <strong>Batalla <\/strong>, provenien de <a title=\"Mapa de situaci\u00f3 a l'ICC\" href=\"http:\/\/www.icc.cat\/vissir3\/index.html?aobGxryz0\" target=\"_blank\" rel=\"noopener noreferrer\">Pallerols<\/a>, terme de La Baronia de Rialb, a la Noguera.<\/p>\n<p>L&#8217;any 1930, una n\u00e9ta d&#8217;en Pere \u00abLlarg\u00bb Santamaria, la <a href=\"https:\/\/www.calvermell.cat\/webtrees\/individual.php?pid=I1413&amp;ged=Cal%20Pere%20Llarg.ged\" target=\"_blank\" rel=\"noopener noreferrer\"><strong>Isabel Santamaria<\/strong><\/a>, va casar-se amb l&#8217;hereu de<strong> Cal Vermell<\/strong>, en <a href=\"https:\/\/www.calvermell.cat\/webtrees\/individual.php?pid=I1662&amp;ged=Cal%20Vermell.ged\" target=\"_blank\" rel=\"noopener noreferrer\"><strong>Ton Vil\u00e0<\/strong><\/a>.<\/p>\n<p style=\"text-align: center;\"><a href=\"http:\/\/www.calvermell.cat\/webtrees\/index.php?ctype=gedcom&amp;ged=Cal%20Pere%20Llarg.ged\"><img loading=\"lazy\" decoding=\"async\" class=\"aligncenter\" style=\"border: 0pt none;\" title=\"Arbre geneal\u00f2gic de Cal Pere Llarg\" src=\"\/wordpress\/wp-content\/uploads\/gedcom.gif\" alt=\"\" width=\"50\" height=\"50\"><\/a><\/p>\n","protected":false},"excerpt":{"rendered":"<p>Els Santamaria Cal Pere Llarg, \u00e9s el nom pel que fou coneguda la fam\u00edlia Santamaria. Habitaren durant for\u00e7a anys a la Torre Bohigues del Mas d&#8217;en Pla, al regadiu de Manresa (Bages), a tocar del Cam\u00ed de Juncadella. Prov\u00e9 de &hellip; <a href=\"https:\/\/www.calvermell.cat\/wordpress\/?page_id=60\">Continua llegint <span class=\"meta-nav\">&rarr;<\/span><\/a><\/p>\n","protected":false},"author":1,"featured_media":0,"parent":0,"menu_order":4,"comment_status":"closed","ping_status":"closed","template":"","meta":{"ngg_post_thumbnail":0,"footnotes":""},"class_list":["post-60","page","type-page","status-publish","hentry"],"_links":{"self":[{"href":"https:\/\/www.calvermell.cat\/wordpress\/index.php?rest_route=\/wp\/v2\/pages\/60","targetHints":{"allow":["GET"]}}],"collection":[{"href":"https:\/\/www.calvermell.cat\/wordpress\/index.php?rest_route=\/wp\/v2\/pages"}],"about":[{"href":"https:\/\/www.calvermell.cat\/wordpress\/index.php?rest_route=\/wp\/v2\/types\/page"}],"author":[{"embeddable":true,"href":"https:\/\/www.calvermell.cat\/wordpress\/index.php?rest_route=\/wp\/v2\/users\/1"}],"replies":[{"embeddable":true,"href":"https:\/\/www.calvermell.cat\/wordpress\/index.php?rest_route=%2Fwp%2Fv2%2Fcomments&post=60"}],"version-history":[{"count":30,"href":"https:\/\/www.calvermell.cat\/wordpress\/index.php?rest_route=\/wp\/v2\/pages\/60\/revisions"}],"predecessor-version":[{"id":1017,"href":"https:\/\/www.calvermell.cat\/wordpress\/index.php?rest_route=\/wp\/v2\/pages\/60\/revisions\/1017"}],"wp:attachment":[{"href":"https:\/\/www.calvermell.cat\/wordpress\/index.php?rest_route=%2Fwp%2Fv2%2Fmedia&parent=60"}],"curies":[{"name":"wp","href":"https:\/\/api.w.org\/{rel}","templated":true}]}}

<p><a href="http://www.calvermell.cat/webtrees/index.php?ctype=gedcom&amp;ged=Cal%20Pere%20Llarg.ged"><img loading="lazy" decoding="async" class="alignleft" style="border: 1px solid black;" title="Cal Pere Llarg" src="http://www.calvermell.cat//wordpress/wp-content/uploads/Cal%20Pere%20Llarg.jpg" alt="Cal Pere Llarg" width="277" height="208"></a><span style="color: #888888;"><strong><span style="color: #000000;">Els Santamaria</span><br />
</strong></span></p>
<p><strong>Cal Pere Llarg</strong>, és el nom pel que fou coneguda la família Santamaria. Habitaren durant força anys a la <a title="Mapa de situació a l'ICC" href="http://www.icc.cat/vissir3/index.html?aDboXGNLz" target="_blank" rel="noopener noreferrer">Torre Bohigues del Mas d&#8217;en Pla</a>, al regadiu de Manresa (Bages), a tocar del Camí de Juncadella. Prové de la considerable alçària d&#8217;en <a href="https://www.calvermell.cat/webtrees/individual.php?pid=I1427&amp;ged=Cal%20Pere%20Llarg.ged" target="_blank" rel="noopener noreferrer"><strong>Pere Santamaria i Cases</strong></a> (1833-1914).</p>
<p>En Pere era nat a <a title="Mapa de situació a l'ICC" href="http://www.icc.cat/vissir3/index.html?qUaYF1fjs" target="_blank" rel="noopener noreferrer">Madrona</a>, terme de Pinell de Solsonès i, abans d&#8217;establir-se al Bages, havia residit a <a title="Mapa de situació a l'ICC" href="http://www.icc.cat/vissir3/index.html?mR9trhxuf" target="_blank" rel="noopener noreferrer">Pià</a>, terme de Navès (Solsonès).</p>
<p>Els Santamaria els tenim documentats a <a title="Mapa de situació a l'ICC" href="http://www.icc.cat/vissir3/index.html?C22aXHnsO" target="_blank" rel="noopener noreferrer">la Clua</a>, terme de Bassella a l&#8217;Alt Urgell, d&#8217;ençà el <strong>1766</strong>. La família de l&#8217;àvia paterna d&#8217;en Pere, els <strong>Batalla </strong>, provenien de <a title="Mapa de situació a l'ICC" href="http://www.icc.cat/vissir3/index.html?aobGxryz0" target="_blank" rel="noopener noreferrer">Pallerols</a>, terme de La Baronia de Rialb, a la Noguera.</p>
<p>L&#8217;any 1930, una néta d&#8217;en Pere «Llarg» Santamaria, la <a href="https://www.calvermell.cat/webtrees/individual.php?pid=I1413&amp;ged=Cal%20Pere%20Llarg.ged" target="_blank" rel="noopener noreferrer"><strong>Isabel Santamaria</strong></a>, va casar-se amb l&#8217;hereu de<strong> Cal Vermell</strong>, en <a href="https://www.calvermell.cat/webtrees/individual.php?pid=I1662&amp;ged=Cal%20Vermell.ged" target="_blank" rel="noopener noreferrer"><strong>Ton Vilà</strong></a>.</p>
<p style="text-align: center;"><a href="http://www.calvermell.cat/webtrees/index.php?ctype=gedcom&amp;ged=Cal%20Pere%20Llarg.ged"><img loading="lazy" decoding="async" class="aligncenter" style="border: 0pt none;" title="Arbre genealògic de Cal Pere Llarg" src="/wordpress/wp-content/uploads/gedcom.gif" alt="" width="50" height="50"></a></p>

<p>Els Santamaria Cal Pere Llarg, és el nom pel que fou coneguda la família Santamaria. Habitaren durant força anys a la Torre Bohigues del Mas d&#8217;en Pla, al regadiu de Manresa (Bages), a tocar del Camí de Juncadella. Prové de &hellip; <a href="https://www.calvermell.cat/wordpress/?page_id=60">Continua llegint <span class="meta-nav">&rarr;</span></a></p>
