{"id":67,"date":"2008-12-28T20:35:52","date_gmt":"2008-12-28T19:35:52","guid":{"rendered":"http:\/\/www.calvermell.cat\/wordpress\/?page_id=67"},"modified":"2019-12-26T18:56:48","modified_gmt":"2019-12-26T17:56:48","slug":"cal-canonge","status":"publish","type":"page","link":"https:\/\/www.calvermell.cat\/wordpress\/?page_id=67","title":{"rendered":"Cal Canonge"},"content":{"rendered":"<p><a href=\"http:\/\/www.calvermell.cat\/webtrees\/index.php?ctype=gedcom&amp;ged=Cal%20Canonge.ged\"><img loading=\"lazy\" decoding=\"async\" class=\"alignleft\" title=\"Cal Canonge de Fals\" src=\"http:\/\/www.calvermell.cat\/\/wordpress\/wp-content\/uploads\/Calcanongefals01.jpg\" alt=\"\" width=\"281\" height=\"211\"><\/a><span style=\"color: #e41a2e;\"><strong><span style=\"color: #000000;\">Els Vil\u00e0 i Vilanova<\/span><br \/>\n<\/strong><\/span><\/p>\n<p><strong>Cal Canonge <\/strong>de <a title=\"Mapa de situaci\u00f3 a l'ICC\" href=\"http:\/\/www.icc.cat\/vissir3\/index.html?e9TJ4ldZl\" target=\"_blank\" rel=\"noopener noreferrer\">Sant Joan de Vilatorrada<\/a>. Els fundadors de la nissaga foren <a href=\"https:\/\/www.calvermell.cat\/webtrees\/individual.php?pid=I1447&amp;ged=Cal%20Canonge.ged\" target=\"_blank\" rel=\"noopener noreferrer\"><strong>Antoni Vil\u00e0 i Casals<\/strong><\/a> (#1852 +&gt;1906) i <a href=\"https:\/\/www.calvermell.cat\/webtrees\/individual.php?pid=I119&amp;ged=Cal%20Canonge.ged\" target=\"_blank\" rel=\"noopener noreferrer\"><strong>Rosa Vilanova i Feliu <\/strong><\/a>(#1855 +&gt;1906) que s&#8217;hi establiren entre 1881 i 1889, provinents de <a title=\"Mapa de situaci\u00f3 a l'ICC\" href=\"http:\/\/www.icc.cat\/vissir3\/index.html?TmUmgv9YL\" target=\"_blank\" rel=\"noopener noreferrer\">Can Server<\/a>.<\/p>\n<p>Antoni Vil\u00e0 era fadr\u00ed de <a href=\"http:\/\/www.icc.cat\/vissir3\/index.html?3Y8XTlZxv\" target=\"_blank\" rel=\"noopener noreferrer\"><strong>Cal Canonge<\/strong> de Fals<\/a> (terme de Fonallosa, Bages). Dels <strong>Vil\u00e0 (Vilar)<\/strong> i dels seus antecessors els <strong>Grau<\/strong>, n&#8217;hi ha const\u00e0ncia documental a Fals d&#8217;en\u00e7\u00e0 el <strong>1761<\/strong>. La casa pairal, a la Costa de la Vila, deuria constru\u00efr-se a partir de 1764, per\u00f2 el nom de Cal Canonge, no apareix fins el 1.850. Se&#8217;n desconeix l&#8217;or\u00edgen.<\/p>\n<p>Rosa Vilanova era filla de <a title=\"Mapa de situaci\u00f3 a l'ICC\" href=\"http:\/\/www.icc.cat\/vissir3\/index.html?sQBSXZ3NH\" target=\"_blank\" rel=\"noopener noreferrer\">Castelladral<\/a>, terme de Nav\u00e0s, tamb\u00e9 al Bages. Per la branca paterna els avantpassats m\u00e9s reculats que tenim documentats (als voltants del <strong>1.600<\/strong>) son els <strong>Cols<\/strong> de <a href=\"http:\/\/www.icc.cat\/vissir3\/index.html?bboyKWskp\" target=\"_blank\" rel=\"noopener noreferrer\">Can Cols de Besora<\/a>, terme de Nav\u00e8s. I els <strong>Pujol<\/strong> del <a title=\"Mapa de situaci\u00f3 a l'ICC\" href=\"http:\/\/www.icc.cat\/vissir3\/index.html?3sJI0Oba6\" target=\"_blank\" rel=\"noopener noreferrer\">Rac\u00f3 de Mossoll<\/a>, terme de la Coma i la Pedra. Tots al Solson\u00e8s.<\/p>\n<p>A les branques maternes de la Rosa Vilanova hi ha els <strong>Antich\/Sabata<\/strong> de <a title=\"Mapa de situaci\u00f3 a l'ICC\" href=\"http:\/\/www.icc.cat\/vissir3\/index.html?GumYhb7s6\" target=\"_blank\" rel=\"noopener noreferrer\">Sant Sadurn\u00ed del Cint<\/a>, terme de l&#8217;Espunyola (Bergued\u00e0) amb dades d&#8217;en\u00e7\u00e0 el 1.719. I els <a href=\"http:\/\/www.icc.cat\/vissir3\/index.html?7sxUk1ImG\" target=\"_blank\" rel=\"noopener noreferrer\"><strong>Piulats<\/strong> de Sant Just d&#8217;Ard\u00e8vol<\/a>, terme de Pin\u00f3s (Solson\u00e8s) documentats des del<strong> 1479<\/strong>. Aquest son, fins a la data, les dades m\u00e9s antigues de que disposem en tot aquest treball geneal\u00f2gic.<\/p>\n<p>Un fadr\u00ed de Cal Canonge, fill de l&#8217;Antoni i la Rosa, l&#8217;<a href=\"https:\/\/www.calvermell.cat\/webtrees\/individual.php?pid=I1443&amp;ged=Cal%20Canonge.ged\" target=\"_blank\" rel=\"noopener noreferrer\"><strong>Isidre Vil\u00e0 i Vilanova<\/strong><\/a> va casar-se el 1905 amb l&#8217;<a href=\"https:\/\/www.calvermell.cat\/webtrees\/family.php?famid=F7&amp;ged=Cal%20Vermell.ged\" target=\"_blank\" rel=\"noopener noreferrer\"><strong>Angeleta Ballonga <\/strong><\/a>de<strong> Cal Vermell<\/strong>.<\/p>\n<p style=\"text-align: center;\"><a href=\"http:\/\/www.calvermell.cat\/webtrees\/index.php?ctype=gedcom&amp;ged=Cal%20Canonge.ged\"><img loading=\"lazy\" decoding=\"async\" class=\"aligncenter\" style=\"border: 0pt none;\" title=\"Arbre geneal\u00f2gic de Cal Canonge\" src=\"\/wordpress\/wp-content\/uploads\/gedcom.gif\" alt=\"\" width=\"50\" height=\"50\"><\/a><\/p>\n","protected":false},"excerpt":{"rendered":"<p>Els Vil\u00e0 i Vilanova Cal Canonge de Sant Joan de Vilatorrada. Els fundadors de la nissaga foren Antoni Vil\u00e0 i Casals (#1852 +&gt;1906) i Rosa Vilanova i Feliu (#1855 +&gt;1906) que s&#8217;hi establiren entre 1881 i 1889, provinents de Can &hellip; <a href=\"https:\/\/www.calvermell.cat\/wordpress\/?page_id=67\">Continua llegint <span class=\"meta-nav\">&rarr;<\/span><\/a><\/p>\n","protected":false},"author":1,"featured_media":0,"parent":0,"menu_order":3,"comment_status":"closed","ping_status":"closed","template":"","meta":{"ngg_post_thumbnail":0,"footnotes":""},"class_list":["post-67","page","type-page","status-publish","hentry"],"_links":{"self":[{"href":"https:\/\/www.calvermell.cat\/wordpress\/index.php?rest_route=\/wp\/v2\/pages\/67","targetHints":{"allow":["GET"]}}],"collection":[{"href":"https:\/\/www.calvermell.cat\/wordpress\/index.php?rest_route=\/wp\/v2\/pages"}],"about":[{"href":"https:\/\/www.calvermell.cat\/wordpress\/index.php?rest_route=\/wp\/v2\/types\/page"}],"author":[{"embeddable":true,"href":"https:\/\/www.calvermell.cat\/wordpress\/index.php?rest_route=\/wp\/v2\/users\/1"}],"replies":[{"embeddable":true,"href":"https:\/\/www.calvermell.cat\/wordpress\/index.php?rest_route=%2Fwp%2Fv2%2Fcomments&post=67"}],"version-history":[{"count":39,"href":"https:\/\/www.calvermell.cat\/wordpress\/index.php?rest_route=\/wp\/v2\/pages\/67\/revisions"}],"predecessor-version":[{"id":1016,"href":"https:\/\/www.calvermell.cat\/wordpress\/index.php?rest_route=\/wp\/v2\/pages\/67\/revisions\/1016"}],"wp:attachment":[{"href":"https:\/\/www.calvermell.cat\/wordpress\/index.php?rest_route=%2Fwp%2Fv2%2Fmedia&parent=67"}],"curies":[{"name":"wp","href":"https:\/\/api.w.org\/{rel}","templated":true}]}}

<p><a href="http://www.calvermell.cat/webtrees/index.php?ctype=gedcom&amp;ged=Cal%20Canonge.ged"><img loading="lazy" decoding="async" class="alignleft" title="Cal Canonge de Fals" src="http://www.calvermell.cat//wordpress/wp-content/uploads/Calcanongefals01.jpg" alt="" width="281" height="211"></a><span style="color: #e41a2e;"><strong><span style="color: #000000;">Els Vilà i Vilanova</span><br />
</strong></span></p>
<p><strong>Cal Canonge </strong>de <a title="Mapa de situació a l'ICC" href="http://www.icc.cat/vissir3/index.html?e9TJ4ldZl" target="_blank" rel="noopener noreferrer">Sant Joan de Vilatorrada</a>. Els fundadors de la nissaga foren <a href="https://www.calvermell.cat/webtrees/individual.php?pid=I1447&amp;ged=Cal%20Canonge.ged" target="_blank" rel="noopener noreferrer"><strong>Antoni Vilà i Casals</strong></a> (#1852 +&gt;1906) i <a href="https://www.calvermell.cat/webtrees/individual.php?pid=I119&amp;ged=Cal%20Canonge.ged" target="_blank" rel="noopener noreferrer"><strong>Rosa Vilanova i Feliu </strong></a>(#1855 +&gt;1906) que s&#8217;hi establiren entre 1881 i 1889, provinents de <a title="Mapa de situació a l'ICC" href="http://www.icc.cat/vissir3/index.html?TmUmgv9YL" target="_blank" rel="noopener noreferrer">Can Server</a>.</p>
<p>Antoni Vilà era fadrí de <a href="http://www.icc.cat/vissir3/index.html?3Y8XTlZxv" target="_blank" rel="noopener noreferrer"><strong>Cal Canonge</strong> de Fals</a> (terme de Fonallosa, Bages). Dels <strong>Vilà (Vilar)</strong> i dels seus antecessors els <strong>Grau</strong>, n&#8217;hi ha constància documental a Fals d&#8217;ençà el <strong>1761</strong>. La casa pairal, a la Costa de la Vila, deuria construïr-se a partir de 1764, però el nom de Cal Canonge, no apareix fins el 1.850. Se&#8217;n desconeix l&#8217;orígen.</p>
<p>Rosa Vilanova era filla de <a title="Mapa de situació a l'ICC" href="http://www.icc.cat/vissir3/index.html?sQBSXZ3NH" target="_blank" rel="noopener noreferrer">Castelladral</a>, terme de Navàs, també al Bages. Per la branca paterna els avantpassats més reculats que tenim documentats (als voltants del <strong>1.600</strong>) son els <strong>Cols</strong> de <a href="http://www.icc.cat/vissir3/index.html?bboyKWskp" target="_blank" rel="noopener noreferrer">Can Cols de Besora</a>, terme de Navès. I els <strong>Pujol</strong> del <a title="Mapa de situació a l'ICC" href="http://www.icc.cat/vissir3/index.html?3sJI0Oba6" target="_blank" rel="noopener noreferrer">Racó de Mossoll</a>, terme de la Coma i la Pedra. Tots al Solsonès.</p>
<p>A les branques maternes de la Rosa Vilanova hi ha els <strong>Antich/Sabata</strong> de <a title="Mapa de situació a l'ICC" href="http://www.icc.cat/vissir3/index.html?GumYhb7s6" target="_blank" rel="noopener noreferrer">Sant Sadurní del Cint</a>, terme de l&#8217;Espunyola (Berguedà) amb dades d&#8217;ençà el 1.719. I els <a href="http://www.icc.cat/vissir3/index.html?7sxUk1ImG" target="_blank" rel="noopener noreferrer"><strong>Piulats</strong> de Sant Just d&#8217;Ardèvol</a>, terme de Pinós (Solsonès) documentats des del<strong> 1479</strong>. Aquest son, fins a la data, les dades més antigues de que disposem en tot aquest treball genealògic.</p>
<p>Un fadrí de Cal Canonge, fill de l&#8217;Antoni i la Rosa, l&#8217;<a href="https://www.calvermell.cat/webtrees/individual.php?pid=I1443&amp;ged=Cal%20Canonge.ged" target="_blank" rel="noopener noreferrer"><strong>Isidre Vilà i Vilanova</strong></a> va casar-se el 1905 amb l&#8217;<a href="https://www.calvermell.cat/webtrees/family.php?famid=F7&amp;ged=Cal%20Vermell.ged" target="_blank" rel="noopener noreferrer"><strong>Angeleta Ballonga </strong></a>de<strong> Cal Vermell</strong>.</p>
<p style="text-align: center;"><a href="http://www.calvermell.cat/webtrees/index.php?ctype=gedcom&amp;ged=Cal%20Canonge.ged"><img loading="lazy" decoding="async" class="aligncenter" style="border: 0pt none;" title="Arbre genealògic de Cal Canonge" src="/wordpress/wp-content/uploads/gedcom.gif" alt="" width="50" height="50"></a></p>

<p>Els Vilà i Vilanova Cal Canonge de Sant Joan de Vilatorrada. Els fundadors de la nissaga foren Antoni Vilà i Casals (#1852 +&gt;1906) i Rosa Vilanova i Feliu (#1855 +&gt;1906) que s&#8217;hi establiren entre 1881 i 1889, provinents de Can &hellip; <a href="https://www.calvermell.cat/wordpress/?page_id=67">Continua llegint <span class="meta-nav">&rarr;</span></a></p>
