{"id":978,"date":"2019-12-25T23:20:41","date_gmt":"2019-12-25T22:20:41","guid":{"rendered":"https:\/\/www.calvermell.cat\/wordpress\/?page_id=978"},"modified":"2019-12-26T19:24:55","modified_gmt":"2019-12-26T18:24:55","slug":"cal-toribio","status":"publish","type":"page","link":"https:\/\/www.calvermell.cat\/wordpress\/?page_id=978","title":{"rendered":"Cal Toribio"},"content":{"rendered":"<p><a href=\"https:\/\/www.calvermell.cat\/webtrees\/index.php?ctype=gedcom&amp;ged=Cal%20Toribio.ged\" target=\"_blank\" rel=\"noopener noreferrer\"><img loading=\"lazy\" decoding=\"async\" class=\"alignleft\" src=\"http:\/\/calvermell.cat\/wordpress\/wp-content\/uploads\/Carretera de Call\u00fas any 60.jpg\" alt=\"\" width=\"285\" height=\"200\"><\/a>La fam\u00edlia formada per <a href=\"https:\/\/www.calvermell.cat\/webtrees\/family.php?famid=F174&amp;ged=Cal%20Toribio.ged\" target=\"_blank\" rel=\"noopener noreferrer\"><strong>Pere Bosch Selga<\/strong> i <strong>Josefa Simon Marguillas<\/strong><\/a>, va establir-se a <a href=\"http:\/\/www.icc.cat\/vissir3\/index.html?OuLkNpoV2\" target=\"_blank\" rel=\"noopener noreferrer\">Santpedor<\/a>. El Pere era de <a href=\"http:\/\/www.icc.cat\/vissir3\/index.html?DN1VrmAIu\" target=\"_blank\" rel=\"noopener noreferrer\">Castelladral<\/a> i la fam\u00edlia havia viscut a&nbsp; a <a href=\"http:\/\/www.icc.cat\/vissir3\/index.html?a7y88PlJb\" target=\"_blank\" rel=\"noopener noreferrer\">S\u00faria<\/a> i <a href=\"http:\/\/www.icc.cat\/vissir3\/index.html?S90GjeEtJ\" target=\"_blank\" rel=\"noopener noreferrer\">Sant Iscle<\/a>.<\/p>\n<p>Un dels seus nou fills tenia el nom de pila de Toribi i aquest \u00e9s el motiu pel que, des d&#8217;aleshores, \u00e9s coneguda la fam\u00edlia.<\/p>\n<p>Una n\u00e9ta seva, <strong><a href=\"https:\/\/www.calvermell.cat\/webtrees\/individual.php?pid=I1360&amp;ged=Cal%20Toribio.ged\" target=\"_blank\" rel=\"noopener noreferrer\">Leonor Bosch Bringues<\/a><\/strong>, va casar-se a Cal Pic, tamb\u00e9 a Santpedor.<\/p>\n<p><a href=\"https:\/\/www.calvermell.cat\/webtrees\/index.php?ctype=gedcom&amp;ged=Cal%20Toribio.ged\" target=\"_blank\" rel=\"noopener noreferrer\"><img loading=\"lazy\" decoding=\"async\" class=\"aligncenter\" title=\"Arbre geneal\u00f2gic de Cal Toribio\" src=\"\/wordpress\/wp-content\/uploads\/gedcom.gif\" alt=\"\" width=\"50\" height=\"50\"><\/a><\/p>\n","protected":false},"excerpt":{"rendered":"<p>La fam\u00edlia formada per Pere Bosch Selga i Josefa Simon Marguillas, va establir-se a Santpedor. El Pere era de Castelladral i la fam\u00edlia havia viscut a&nbsp; a S\u00faria i Sant Iscle. Un dels seus nou fills tenia el nom de &hellip; <a href=\"https:\/\/www.calvermell.cat\/wordpress\/?page_id=978\">Continua llegint <span class=\"meta-nav\">&rarr;<\/span><\/a><\/p>\n","protected":false},"author":1,"featured_media":0,"parent":0,"menu_order":6,"comment_status":"closed","ping_status":"closed","template":"","meta":{"ngg_post_thumbnail":0,"footnotes":""},"class_list":["post-978","page","type-page","status-publish","hentry"],"_links":{"self":[{"href":"https:\/\/www.calvermell.cat\/wordpress\/index.php?rest_route=\/wp\/v2\/pages\/978","targetHints":{"allow":["GET"]}}],"collection":[{"href":"https:\/\/www.calvermell.cat\/wordpress\/index.php?rest_route=\/wp\/v2\/pages"}],"about":[{"href":"https:\/\/www.calvermell.cat\/wordpress\/index.php?rest_route=\/wp\/v2\/types\/page"}],"author":[{"embeddable":true,"href":"https:\/\/www.calvermell.cat\/wordpress\/index.php?rest_route=\/wp\/v2\/users\/1"}],"replies":[{"embeddable":true,"href":"https:\/\/www.calvermell.cat\/wordpress\/index.php?rest_route=%2Fwp%2Fv2%2Fcomments&post=978"}],"version-history":[{"count":5,"href":"https:\/\/www.calvermell.cat\/wordpress\/index.php?rest_route=\/wp\/v2\/pages\/978\/revisions"}],"predecessor-version":[{"id":1022,"href":"https:\/\/www.calvermell.cat\/wordpress\/index.php?rest_route=\/wp\/v2\/pages\/978\/revisions\/1022"}],"wp:attachment":[{"href":"https:\/\/www.calvermell.cat\/wordpress\/index.php?rest_route=%2Fwp%2Fv2%2Fmedia&parent=978"}],"curies":[{"name":"wp","href":"https:\/\/api.w.org\/{rel}","templated":true}]}}

<p><a href="https://www.calvermell.cat/webtrees/index.php?ctype=gedcom&amp;ged=Cal%20Toribio.ged" target="_blank" rel="noopener noreferrer"><img loading="lazy" decoding="async" class="alignleft" src="http://calvermell.cat/wordpress/wp-content/uploads/Carretera de Callús any 60.jpg" alt="" width="285" height="200"></a>La família formada per <a href="https://www.calvermell.cat/webtrees/family.php?famid=F174&amp;ged=Cal%20Toribio.ged" target="_blank" rel="noopener noreferrer"><strong>Pere Bosch Selga</strong> i <strong>Josefa Simon Marguillas</strong></a>, va establir-se a <a href="http://www.icc.cat/vissir3/index.html?OuLkNpoV2" target="_blank" rel="noopener noreferrer">Santpedor</a>. El Pere era de <a href="http://www.icc.cat/vissir3/index.html?DN1VrmAIu" target="_blank" rel="noopener noreferrer">Castelladral</a> i la família havia viscut a&nbsp; a <a href="http://www.icc.cat/vissir3/index.html?a7y88PlJb" target="_blank" rel="noopener noreferrer">Súria</a> i <a href="http://www.icc.cat/vissir3/index.html?S90GjeEtJ" target="_blank" rel="noopener noreferrer">Sant Iscle</a>.</p>
<p>Un dels seus nou fills tenia el nom de pila de Toribi i aquest és el motiu pel que, des d&#8217;aleshores, és coneguda la família.</p>
<p>Una néta seva, <strong><a href="https://www.calvermell.cat/webtrees/individual.php?pid=I1360&amp;ged=Cal%20Toribio.ged" target="_blank" rel="noopener noreferrer">Leonor Bosch Bringues</a></strong>, va casar-se a Cal Pic, també a Santpedor.</p>
<p><a href="https://www.calvermell.cat/webtrees/index.php?ctype=gedcom&amp;ged=Cal%20Toribio.ged" target="_blank" rel="noopener noreferrer"><img loading="lazy" decoding="async" class="aligncenter" title="Arbre genealògic de Cal Toribio" src="/wordpress/wp-content/uploads/gedcom.gif" alt="" width="50" height="50"></a></p>

<p>La família formada per Pere Bosch Selga i Josefa Simon Marguillas, va establir-se a Santpedor. El Pere era de Castelladral i la família havia viscut a&nbsp; a Súria i Sant Iscle. Un dels seus nou fills tenia el nom de &hellip; <a href="https://www.calvermell.cat/wordpress/?page_id=978">Continua llegint <span class="meta-nav">&rarr;</span></a></p>
